t l(a) = -a**3 - 14*a**2 - 21*a + 40. What is l(-12)?
4
Let n(a) = -4*a - 107. What is n(-24)?
-11
Let n(v) = -v**2 - 9*v - 5. Determine n(-9).
-5
Let h(y) = -y + 33. What is h(36)?
-3
Let j(v) = 36*v**2 + 7*v + 8. Determine j(-1).
37
Let q(h) = -h**2 + h + 49. Calculate q(0).
49
Let s(y) = y**2 + y - 9. Give s(4).
11
Let c(g) = g**2 + g + 2. What is c(5)?
32
Let z(m) = 100*m - 294. Give z(3).
6
Let n(l) = l**3 - 5*l**2 + 6*l - 9. Give n(6).
63
Let v(w) = -2*w - 14. What is v(-8)?
2
Let l(i) = -2*i**2 + i + 16. Calculate l(-3).
-5
Let r(h) = h**3 + 2*h**2 - 5*h + 8. Calculate r(-4).
-4
Let d(r) = 44*r**2. Give d(1).
44
Let a(z) = 4*z**2 + 8*z + 16. Determine a(-2).
16
Let r(f) = -f**2 + 5*f + 1. Give r(4).
5
Let r(b) = -3*b + 27. Determine r(7).
6
Let h(q) = 3*q - 1. Calculate h(6).
17
Let r(o) = -o**3 + 4*o**2 - o - 2. What is r(4)?
-6
Let w(f) = 6*f**2 + 2*f - 2. Calculate w(-2).
18
Let c(b) = -6*b - 208. What is c(-35)?
2
Let w(s) = -s**3 + 2*s**2 + 2*s + 13. Determine w(4).
-11
Let r(y) = y**3 + 10*y**2 - 11*y - 15. Calculate r(-11).
-15
Let a(p) = -p**3 + 5*p**2 + 7*p - 3. What is a(6)?
3
Let y(p) = -p - 17. What is y(-23)?
6
Let t(y) = -y**2 + 53*y - 458. What is t(11)?
4
Let q(z) = -20*z - 61. Calculate q(-3).
-1
Let v(z) = 2*z + 26. Determine v(-8).
10
Let i(k) = 7*k**3 - 8*k**2 - 6*k + 2. What is i(-1)?
-7
Let a(w) = -13*w + 95. Calculate a(7).
4
Let o(f) = -2*f**3 + 2*f**2 - 2. Calculate o(2).
-10
Let g(y) = 2*y**3 - 18*y**2 + y - 2. Determine g(9).
7
Let y(w) = w - 29. Give y(23).
-6
Let k(a) = 9*a + 1. What is k(1)?
10
Let p(u) = u**2 - 19*u + 11. Give p(18).
-7
Let i(k) = k - 6. Give i(5).
-1
Let v(h) = 4*h + 10. Calculate v(5).
30
Let w(i) = 5*i**2 - 8*i - 8. What is w(-1)?
5
Let i(r) = -r + 6. Give i(-4).
10
Let d(b) = -b**3 - 7*b**2 + 5*b + 4. Give d(-7).
-31
Let f(w) = -w**3 + 11*w**2 - 10*w - 5. Give f(10).
-5
Let z(s) = s**2 - 10*s - 80. What is z(18)?
64
Let j(o) = -11*o - 27. Calculate j(0).
-27
Let l(h) = -h**3 - 6*h**2 + 19*h + 35. Give l(-8).
11
Let y(g) = g**3 + 7*g**2 + 4*g - 17. What is y(-5)?
13
Let g(a) = -3*a - 11. Determine g(-4).
1
Let s(z) = -3*z**3 - 3*z**2 + 14*z - 12. Give s(2).
-20
Let q(y) = -y**3 - 8*y**2 - 9*y - 14. Calculate q(-6).
-32
Let i(p) = 26*p - 41. Give i(-6).
-197
Let b(d) = -d - 16. Give b(-11).
-5
Let v(w) = -w**2 + 10*w - 2. What is v(4)?
22
Let b(l) = l**2 + 9*l + 1. Calculate b(-11).
23
Let d(q) = 34*q + 549. Give d(-16).
5
Let x(p) = -p**2 - 10*p + 26. What is x(-12)?
2
Let s(z) = -4*z - 3. Give s(-2).
5
Let w(q) = 13*q - 126. Calculate w(9).
-9
Let c(q) = -q**2 + 15*q + 96. Determine c(20).
-4
Let t(f) = f**2 - 13*f - 135. Give t(20).
5
Let l(h) = h - 5. Determine l(12).
7
Let k(r) = 3*r**2 - 3*r + 2. Determine k(3).
20
Let m(x) = 8*x - 10. Determine m(-13).
-114
Let p(s) = s**3 - 5*s**2 + 4*s - 12. Give p(5).
8
Let o(u) = u**3 + 5*u**2 - 2*u + 3. Give o(-6).
-21
Let v(n) = -9*n + 54. Calculate v(5).
9
Let o(l) = 2*l + 49. Determine o(-21).
7
Let p(g) = g**2 + g - 8. Calculate p(4).
12
Let f(d) = -26*d - 381. Calculate f(-14).
-17
Let o(v) = -v**2 - 9*v + 79. What is o(6)?
-11
Let o(b) = -5*b + 12. What is o(4)?
-8
Let z(n) = -21*n**3 + 4*n**2 + 4*n. Calculate z(-1).
21
Let q(o) = o**3 - 16*o**2 + 28*o - 1. What is q(14)?
-1
Let j(g) = 2*g - 60. Calculate j(-28).
-116
Let c(r) = -3*r - 5. Determine c(3).
-14
Let l(y) = -y**3 + 9*y**2 - 3*y - 18. What is l(9)?
-45
Let u(k) = 10*k + 31. Give u(-5).
-19
Let i(c) = 3*c**2 + 37*c - 129. Determine i(-15).
-9
Let g(m) = 2*m**3 + 2*m**2 - 22*m - 2. Calculate g(4).
70
Let t(w) = w**3 - 10*w**2 + 4*w - 18. Calculate t(8).
-114
Let w(y) = -2*y**3 + 24*y**2 + 8*y - 97. Calculate w(12).
-1
Let m(f) = -2*f - 41. Calculate m(-18).
-5
Let s(w) = w**2 - w + 2. Give s(4).
14
Let f(l) = -22*l + 9. Determine f(1).
-13
Let y(f) = -f**2 - 21*f - 8. What is y(-8)?
96
Let v(a) = 19*a**3 + 4*a**2 + 4*a + 2. Calculate v(-2).
-142
Let u(y) = -15*y + 148. What is u(10)?
-2
Let w(c) = -c**3 - 6*c**2 + c - 17. Determine w(-7).
25
Let u(r) = 5*r - 44. Give u(6).
-14
Let u(q) = q**2 + 3*q - 1. Give u(-7).
27
Let y(x) = 4*x**2 + x - 16. Determine y(4).
52
Let k(t) = t**2 - 5*t - 6. Determine k(-4).
30
Let h(t) = -5*t - 3. Determine h(-4).
17
Let o(i) = -i**3 + 28*i**2 + 57*i + 100. What is o(30)?
10
Let m(c) = -2*c**3 - 2*c**2 - 4. Determine m(-2).
4
Let b(s) = 6*s**3 - 5*s**2 + 7*s - 1. What is b(2)?
41
Let q(h) = 3*h**2 - 2*h + 2. Determine q(1).
3
Let s(m) = 4*m + 19. What is s(-3)?
7
Let r(z) = 10*z**2 - z + 2. What is r(1)?
11
Let h(s) = -23*s - 5. Determine h(-1).
18
Let s(d) = -d**3 + 4*d**2 + 16*d - 12. Give s(6).
12
Let o(m) = m - 5. What is o(3)?
-2
Let s(n) = -2*n**3 - n**2 - 2. What is s(-2)?
10
Let s(f) = 281*f + 281. Calculate s(-1).
0
Let o(j) = -j**3 + 20*j**2 - 19. Calculate o(20).
-19
Let c(o) = o**3 - o**2 - 3*o - 8. What is c(0)?
-8
Let o(v) = -v**2 + 4*v - 5. Calculate o(5).
-10
Let t(m) = 2*m**2 + 2*m - 13. Calculate t(-5).
27
Let g(h) = 5*h - 47. Determine g(19).
48
Let b(k) = -24*k + 93. Calculate b(5).
-27
Let f(v) = 5*v - 4. Calculate f(-3).
-19
Let s(t) = t**3 + 3*t**2 + 5*t + 5. Determine s(-3).
-10
Let q(f) = f**3 + 5*f**2 - 12. What is q(-4)?
4
Let o(n) = n**3 - 4*n**2 + 2*n + 1. Calculate o(4).
9
Let t(x) = x**3 - 8*x**2 - 9*x + 9. Calculate t(9).
9
Let z(d) = 15*d + 195. What is z(-11)?
30
Let y(d) = -d. Determine y(7).
-7
Let w(p) = -3*p + 38. What is w(11)?
5
Let x(w) = -w**2 - 38*w - 6. Determine x(-40).
-86
Let h(m) = -2*m**3 - 4*m**2 - 2*m + 2. Give h(-2).
6
Let f(x) = -x**3 + 12*x**2 + 2*x - 19. What is f(12)?
5
Let r(q) = q - 13. Give r(4).
-9
Let o(n) = n**3 + 8*n**2 + 2*n. What is o(-8)?
-16
Let t(u) = -3*u**2 + 3*u - 4. What is t(3)?
-22
Let n(b) = b**2 + 14*b + 31. Calculate n(-11).
-2
Let h(u) = -u**2 - 9*u - 24. What is h(-7)?
-10
Let q(u) = 11*u + 364. Give q(-32).
12
Let d(l) = -2*l**2 + 5. Calculate d(0).
5
Let m(d) = 4*d + 6. Determine m(-4).
-10
Let o(q) = -q**2 + 12*q - 8. Determine o(10).
12
Let g(q) = -22*q**2 + 1. Determine g(-1).
-21
Let p(s) = s**2 - 3*s - 7. Calculate p(6).
11
Let c(m) = -m**3 + 12*m**2 - 5*m - 4. Calculate c(11).
62
Let t(d) = -d**3 + 14*d**2 + 15*d - 4. Calculate t(15).
-4
Let c(x) = -x**3 - 9*x**2 - 15*x. Calculate c(-7).
7
Let t(z) = -z + 6. What is t(6)?
0
Let u(t) = -25*t + 113. Determine u(5).
-12
Let a(v) = 37*v**2 - 2*v + 1. What is a(1)?
36
Let z(w) = -11*w - 1. What is z(-1)?
10
Let w(n) = -3*n + 2. Calculate w(2).
-4
Let h(m) = m**2 - 2*m - 1. What is h(-4)?
23
Let o(g) = -9*g - 21. What is o(-5)?
24
Let m(j) = 5*j**2 + 6*j + 1. Give m(-2).
9
Let r(p) = -p**2 - 18*p - 31. Give r(-16).
1
Let u(b) = -b**3 + 17*b**2 + 60*b + 3. Determine u(20).
3
Let t(y) = -y**3 + 7*y**2 - y + 6. What is t(8)?
-66
Let h(y) = -y**2 - 8*y - 5. Calculate h(-7).
2
Let s(o) = o**2 + 9*o + 7. Calculate s(-8).
-1
Let t(m) = 2*m + 18. What is t(-6)?
6
Let x(q) = 7*q**2 - 3*q - 4. Give x(-1).
6
Let h(w) = 2*w - 5. Determine h(6).
7
Let s(z) = -16*z - 4. What is s(-2)?
28
Let q(g) = -g**2 - 11*g - 4. Give q(-10).
6
Let a(s) = -s**3 + 4*s**2 - 6*s - 2. What is a(3)?
-11
Let q(l) = 14*l + 4. Determine q(-3).
-38
Let p(h) = -5*h + 52. Determine p(12).
-8
Let m(k) = k**3 - 13*k**2 + 9*k - 118. Give m(13).
-1
Let r(a) = a**3 + 2*a**2 + 2*a + 5. Determine r(-4).
-35
Let i(b) = -b**3 + 6*b**2 + 10*b + 11. What is i(8)?
-37
Let l(w) = -2*w**2 + 24*w + 8. Determine l(12).
8
Let u(l) = -l**2 - 9*l - 15. Determine u(-7).
-1
Let p(r) = -2*r**2 - 11*r + 7. Determine p(-9).
-56
Let g(j) = -j**2 - 13*j - 10. Determine g(-8).
30
Let b(q) = -9*q**2 - 5*q - 1. Calculate b(-1).
-5
Let s(y) = y + 1. Determine s(-9).
-8
Let n(l) = l**2 + l + 5. Give n(4).
25
Let n(s) = -s**2 + 3*s - 84. Calculate n(0).
-84
Let x(w) = 2*w**2 + 10*w + 6. Determine x(-5).
6
Let v(c) = -5*c + 3. Determine v(-1).
8
Let d(t) = -3*t - 88. What is d(-12)?
-52
Let o(l) = -l**2 + 2*l. Determine o(1).
1
Let n(l) = -6*l + 9. Calculate n(-8).
57
Let n(k) = -k + 13. Determine n(14).
-1
Let c(x) = x**3 - 6*x**2 + 2*x + 1. Calculate c(6).
13
Let d(w) = 4*w - 53. Calculate d(18).
19
Let f(w) = 16*w - 71. What is f(4)?
-7
Let g(z) = z**2 - 15*z + 3. What is g(15)?
3
Let s(x) = -x**3 - 3*x**2 + 5*x + 3. Give s(-4).
-1
Let l(g) = 7*g + 22. Give l(-6).
-20
Let c(s) 